 and 10.
10
Suppose -2*g - 2 = -6. Let i = 47 + -27. Calculate the greatest common divisor of g and i.
2
Let u be ((-1)/1)/((-5)/25). Suppose h + 1 = u. Calculate the greatest common factor of h and 20.
4
Suppose -5*x - 8*x + 78 = 0. What is the greatest common divisor of 6 and x?
6
Suppose -4*a + 7*a - 3 = 0. Suppose a = 2*t - 23. What is the greatest common factor of 24 and t?
12
Let c be (20/(-6))/(4/(-24)). Suppose -4*r = -2*i - 16, i + 0*i = 0. What is the greatest common factor of c and r?
4
Let l be -6 - 9/(-3) - -23. Suppose -4*s + 2*h + 0*h + 2 = 0, -h = 2*s - 7. Suppose 0 = -s*i + i + 80. Calculate the highest common divisor of l and i.
20
Let t = 3 + -1. Let g = t - -9. Let b be 121/(-3)*6/(-2). Calculate the greatest common divisor of b and g.
11
Let c = -60 + 80. What is the greatest common factor of 160 and c?
20
Suppose 0 = i - t + 1 - 3, -i - t = 2. Let b(n) = -2*n - 3*n + 2 + i. Let z be b(-2). What is the greatest common divisor of 3 and z?
3
Let r be 246/4 - (-10)/20. What is the highest common factor of 31 and r?
31
Let c(p) = p**3 + 8*p**2 - p + 9. Let s be c(-8). Suppose -b + s - 3 = 0. Calculate the highest common divisor of 98 and b.
14
Let r = -50 - -80. What is the greatest common divisor of r and 6?
6
Let i(p) = 6*p**2 - 3. Let g be i(-2). What is the highest common divisor of g and 14?
7
Suppose 167 = 3*d - z + 28, 3*d + 5*z = 169. Let p = -3 + 11. Suppose -5*j + 22 = -p. Calculate the greatest common divisor of d and j.
6
Suppose 2*g - g = -4*s - 31, -g = 3. Let z(u) = u**3 + 7*u**2 - 2*u + 6. Let q be z(s). Calculate the highest common divisor of 4 and q.
4
Suppose -3*h = -30 - 72. Suppose 4*u - 5*w = h, 2*w + 22 = -0*u + 3*u. Let r = u + 0. Calculate the highest common factor of r and 30.
6
Let o = -162 - -301. Let m = o - 55. Let j = 34 + -20. What is the highest common divisor of j and m?
14
Let i = -7 + 13. Suppose -2 = -r + 2. Let o be (-5)/((-10)/r) - -52. What is the greatest common divisor of i and o?
6
Let j = 30 - 18. Let l = j - -43. What is the highest common factor of l and 11?
11
Suppose 3*n - 3*g - 60 = -0*n, 0 = 3*n + 2*g - 50. Calculate the highest common divisor of n and 18.
18
Let a be (4/(-12))/(1/(-6)). Suppose -o - a*d = -5*d - 48, 5*o = -5*d + 280. Calculate the highest common divisor of 36 and o.
18
Suppose 0 = -3*y - 0*y. Suppose y = -t + 5*t - 168. Let p(b) = -2*b - 6. Let i be p(-6). What is the highest common factor of i and t?
6
Let p be 49 + (3 + 0 - 1). Let z = -18 + p. Let a be 6/(-9)*66/(-4). What is the greatest common divisor of a and z?
11
Let a(v) = v + 5. Let h be a(3). What is the highest common divisor of 16 and h?
8
Let s = 7 + 10. Suppose -6*m + 255 = -m. Calculate the highest common divisor of s and m.
17
Let g = -93 - -442. Let w be g/3 + (-4)/(-6). Calculate the greatest common factor of 13 and w.
13
Suppose -3*b - 20 = -8*b. Suppose -m = -2*m + b. Suppose -17 - 23 = -m*q. Calculate the highest common divisor of 50 and q.
10
Suppose 0 = -3*j - 3*x + 15, 0*j + 2*x - 1 = j. Suppose 0 = -j*k + 8*k - 360. Let z be 0/3 + 0 + 9. Calculate the highest common divisor of z and k.
9
Let z be 22/(-4 + 3 - -3). Calculate the greatest common divisor of z and 110.
11
Let r be (-819)/(-26) + 6/(-4). What is the highest common divisor of 6 and r?
6
Suppose 2*z - 5*z = -66. Calculate the greatest common factor of z and 2.
2
Let d(t) = 46*t**2 + 120*t**2 + 0*t + t. Let q(z) = z**3 - 10*z**2 + 9*z - 1. Let w be q(9). Let y be d(w). Calculate the highest common factor of 15 and y.
15
Suppose -2*a + c = a - 688, a = -4*c + 251. Suppose -4*w = -81 - 3. What is the highest common divisor of a and w?
21
Let u be 1*(-6)/2 - -25. What is the greatest common factor of 88 and u?
22
Suppose 0 = 5*t - 0*t - 285. Calculate the greatest common factor of 19 and t.
19
Suppose 4*r - 4*t = -0*t + 76, -4*r = 3*t - 48. Calculate the greatest common factor of 5 and r.
5
Let w be 99/(-21) - (-4)/(-14). Let c = w - -10. Suppose 16 = 3*u - c. What is the highest common divisor of 1 and u?
1
Suppose -5*y - 218 = -1833. Suppose -4*d - 43 = -y. Calculate the greatest common factor of 14 and d.
14
Suppose -s - 23 = -209. Suppose 0 = 3*u + 69 - s. Let t(q) = 8*q - 3. Let c be t(2). Calculate the greatest common divisor of c and u.
13
Let i = -10 + 6. Let h be 1/(5/i - -1). Let g(d) = 2*d**2 + 3*d - 4. Let m be g(h). What is the greatest common divisor of m and 144?
16
Let b be (15/10)/(-2 - (-98)/48). Calculate the greatest common factor of b and 9.
9
Suppose 2*g + 4 = -0. Let q = 11 + g. What is the greatest common divisor of 63 and q?
9
Suppose 0 = 5*z - 0 - 75. Let s(t) = -16*t - 1. Suppose -5*m + 2 - 7 = 0. Let u be s(m). What is the greatest common factor of u and z?
15
Let q(j) = j**3 + 6*j**2 + 4*j + 5. Let r be q(-5). What is the highest common divisor of 20 and r?
10
Suppose 13 - 4 = 3*o. Suppose 0*l - 8*l = -16. Calculate the highest common divisor of o and l.
1
Let w(d) = -7 + 2*d**2 + d**3 + 12*d + 2 - 11*d**2. Let r be w(8). Calculate the highest common factor of r and 81.
27
Suppose 27 = 3*s + 9. Let f be (-8)/s*6/(-1). What is the greatest common factor of f and 88?
8
Suppose 0*f - 2*f = 0. Suppose f = -l - l + 8. Suppose -l*o + 3*q = -337, -4*o + o + 5*q = -239. Calculate the highest common factor of o and 11.
11
Let h(t) = 9*t**2 - 5*t + 4. Let n be h(3). Suppose y = -5*r + 145, -2*y + 97 = 4*r - 5*y. Calculate the highest common divisor of n and r.
14
Let r(p) = 14*p + 22. Let x be r(9). Calculate the highest common factor of 37 and x.
37
Let u(f) = -153*f. Let c be u(-1). Calculate the highest common divisor of c and 17.
17
Let g be 6*((-16)/(-12) + 0). Suppose 256 = -4*q + 8*q. Calculate the highest common divisor of g and q.
8
Suppose -d = -3*d + 70. Suppose -3*a - 5*i - 10 = 0, 0 = 2*a + i - 2*i - 15. Calculate the greatest common factor of a and d.
5
Suppose q + q = 6. Suppose q - 6 = -i. Suppose -i*m = -2*a - 8, 4*m - 26 = -4*a - a. Calculate the highest common factor of 14 and a.
2
Suppose 1 = 5*b - 4. Let z be (-11)/(b + 3 + -5). Calculate the greatest common divisor of 88 and z.
11
Suppose 0 = 2*t - 0*t - 18. Suppose -5*d = p - 182, 2*d + 5*p = d + 46. What is the highest common factor of d and t?
9
Suppose -3*u - 2*m + 50 = -0*u, u + 4*m - 30 = 0. What is the greatest common divisor of u and 35?
7
Let a(h) = -h + 7. Let g be a(7). Suppose -3*x = 5*c - 2*x - 85, x + 5 = g. What is the greatest common divisor of c and 18?
18
Let m be 89 - 7 - (0 - -1). Let g = -1 + 4. Let a be (2 - 1 - -2)*g. What is the greatest common factor of a and m?
9
Let u = 11 + -4. Let f = u + -3. Suppose -j + 15 = f*h, 3*h + j = -j + 10. Calculate the highest common factor of h and 1.
1
Suppose 0 = -0*g - 4*g + 60. Calculate the highest common factor of g and 165.
15
Let l be ((-28)/12)/((-1)/(-3)). Let u be l*3/(-3) - -2. Let p = 1 + 0. Calculate the highest common divisor of p and u.
1
Let d = 1 + 6. Suppose 0 = 2*z + 5*h - 6 - 6, -3*z + 5*h - 7 = 0. What is the greatest common divisor of d and z?
1
Let w(t) = t**3 + 9*t**2 + 6*t + 9. Suppose -2*v - v + 12 = 0, -2*v = b. Let s be w(b). Calculate the greatest common divisor of s and 5.
5
Let v = 28 - 24. Suppose -24 = -v*q + 2*q. Calculate the highest common divisor of 8 and q.
4
Let a(b) = -2*b + 4. Let u be a(3). Let o be (u - -4)/(1/2). What is the greatest common factor of o and 8?
4
Suppose 3*p = -2*f + 18 + 12, 2*p = 2*f - 20. What is the greatest common divisor of 4 and f?
4
Suppose j - 125 = -4*j. What is the highest common factor of 225 and j?
25
Let y(r) = -8*r. Let h be y(-5). Suppose 0 = -3*t + 6 - 0. Let w be -5*((-32)/10)/t. Calculate the highest common factor of h and w.
8
Let u = 85 - 76. Calculate the highest common factor of u and 9.
9
Let r(n) = 47*n - 4. Let q be r(3). Let m = -97 + q. Suppose -2*w - 4*x + 36 = 0, -x + 9 = 2*w - 12. What is the greatest common divisor of m and w?
8
Let y(u) = -13*u + 1. Suppose -16 = -3*m - 1. Suppose a - 4 = m*a - 3*t, -a = t + 1. Let s be y(a). What is the highest common divisor of 14 and s?
14
Suppose 0 = 2*g - 4 - 2. Let k be (-354)/(-8) + g/4. Calculate the highest common factor of 30 and k.
15
Suppose 140 = 5*k + 3*h - 8*h, 0 = 5*k + h - 140. Let m be (-253)/(-6) - 3/(1 - -17). Calculate the highest